{"id":12,"date":"2025-09-16T12:29:25","date_gmt":"2025-09-16T12:29:25","guid":{"rendered":"https:\/\/startersites.io\/blocksy\/codespot\/?page_id=12"},"modified":"2025-12-18T09:56:48","modified_gmt":"2025-12-18T08:56:48","slug":"about","status":"publish","type":"page","link":"https:\/\/alba-tec.at\/?page_id=12","title":{"rendered":"\u00dcber uns"},"content":{"rendered":"\n<div class=\"wp-block-greenshift-blocks-row alignfull gspb_row gspb_row-id-gsbp-9d097bc gspb_row--gutter-custom-0\" id=\"gspb_row-id-gsbp-9d097bc\"><div class=\"gspb_row__content\"> \n<div class=\"wp-block-greenshift-blocks-row-column gspb_row__col--12 gspb_row__col--md-12 gspb_col-id-gsbp-6c4d819\" id=\"gspb_col-id-gsbp-6c4d819\">\n<h2 id=\"gspb_heading-id-gsbp-f13b791\" class=\"gspb_heading gspb_heading-id-gsbp-f13b791 \">Cloud-L\u00f6sungen mit Praxisbezug \u2013 nicht aus dem Lehrbuch<\/h2>\n\n\n\n<div id=\"gspb_text-id-gsbp-b6c5e4c\" class=\"gspb_text gspb_text-id-gsbp-b6c5e4c \">Wir unterst\u00fctzten Unternehmen dabei, Microsoft-Cloud-Technologien sicher, verst\u00e4ndlich und leistbar einzusetzen.<\/div>\n<\/div>\n <\/div><\/div>\n\n\n\n<div class=\"wp-block-greenshift-blocks-row alignfull gspb_row gspb_row-id-gsbp-02b6151 gspb_row--gutter-custom-0\" id=\"gspb_row-id-gsbp-02b6151\"><div class=\"gspb_row__content\"> \n<div class=\"wp-block-greenshift-blocks-row-column gspb_row__col--6 gspb_row__col--md-12 gspb_col-id-gsbp-500cf21\" id=\"gspb_col-id-gsbp-500cf21\">\n<figure class=\"wp-block-image size-full\"><img loading=\"lazy\" decoding=\"async\" width=\"1024\" height=\"1024\" src=\"https:\/\/alba-tec.at\/wp-content\/uploads\/2025\/12\/ChatGPT-Image-16.-Dez.-2025-10_21_00.png\" alt=\"\" class=\"wp-image-1197\" srcset=\"https:\/\/alba-tec.at\/wp-content\/uploads\/2025\/12\/ChatGPT-Image-16.-Dez.-2025-10_21_00.png 1024w, https:\/\/alba-tec.at\/wp-content\/uploads\/2025\/12\/ChatGPT-Image-16.-Dez.-2025-10_21_00-300x300.png 300w, https:\/\/alba-tec.at\/wp-content\/uploads\/2025\/12\/ChatGPT-Image-16.-Dez.-2025-10_21_00-150x150.png 150w, https:\/\/alba-tec.at\/wp-content\/uploads\/2025\/12\/ChatGPT-Image-16.-Dez.-2025-10_21_00-768x768.png 768w\" sizes=\"auto, (max-width: 1024px) 100vw, 1024px\" \/><\/figure>\n<\/div>\n\n\n\n<div class=\"wp-block-greenshift-blocks-row-column gspb_row__col--6 gspb_row__col--md-12 gspb_col-id-gsbp-a83bbbc\" id=\"gspb_col-id-gsbp-a83bbbc\">\n<h2 id=\"gspb_heading-id-gsbp-e7035f1\" class=\"gspb_heading gspb_heading-id-gsbp-e7035f1 \">Warum AlbaTec Cloud Solutions?<\/h2>\n\n\n\n<div id=\"gspb_text-id-gsbp-1ba44a4\" class=\"gspb_text gspb_text-id-gsbp-1ba44a4 \">Viele Cloud-Angebote richten sich an Konzerne \u2013 <strong>zu komplex, zu teuer, zu weit weg vom Alltag<\/strong>.<br>Ich verfolge einen anderen Ansatz: <strong>Enterprise-Know-how, heruntergebrochen auf ein realistisches Ma\u00df.<\/strong><br><br>Das bedeutet:<br>keine \u00fcberdimensionierten Architekturen<br>keine unn\u00f6tigen Lizenz- oder Tool-Pakete<br>klare Entscheidungen statt endloser Workshops<br><br>Mein Ziel ist es, <strong>Sicherheit, Struktur und Modernisierung<\/strong> auch f\u00fcr Unternehmen zug\u00e4nglich zu machen, die <strong>keine eigene IT-Abteilung<\/strong> haben  aber trotzdem professionell arbeiten wollen.<\/div>\n<\/div>\n <\/div><\/div>\n\n\n\n<div class=\"wp-block-greenshift-blocks-row gspb_row gspb_row-id-gsbp-37c1bc8 gspb_row--gutter-custom-0\" id=\"gspb_row-id-gsbp-37c1bc8\"><div class=\"gspb_row__content\"> \n<div class=\"wp-block-greenshift-blocks-row-column gspb_row__col--6 gspb_row__col--md-12 gspb_col-id-gsbp-cb7ce33\" id=\"gspb_col-id-gsbp-cb7ce33\">\n<h2 id=\"gspb_heading-id-gsbp-ab3fefd\" class=\"gspb_heading gspb_heading-id-gsbp-ab3fefd \">\u00dcber mich<\/h2>\n\n\n\n<div id=\"gspb_text-id-gsbp-f892cea\" class=\"gspb_text gspb_text-id-gsbp-f892cea \">Ich helfe Unternehmen dabei, <strong>die Cloud sinnvoll, sicher und leistbar einzusetzen<\/strong>. <br>Nicht als Selbstzweck, nicht als Gro\u00dfprojekt, sondern als Werkzeug, das im Alltag funktioniert.<br><br>Meine Erfahrung stammt aus dem Umfeld <strong>gro\u00dfer IT-Dienstleister und komplexer Kundenumgebungen<\/strong>, in denen Microsoft-365-L\u00f6sungen, Migrationen und Identit\u00e4tskonzepte nicht theoretisch, sondern unter realem Zeit-, Kosten- und Sicherheitsdruck umgesetzt wurden.<br>Diese Projekte habe ich mehrfach begleitet  von der Planung bis zum laufenden Betrieb. Genau diese Erfahrung bringe ich heute in kleinere und mittelst\u00e4ndische Unternehmen ein.<br><br><strong>Mein Anspruch:<br><\/strong>Ich habe mir bewusst vorgenommen, Cloud-Technologien <strong>leistbar, greifbar und sicher<\/strong> zu machen.<br>Nicht nur f\u00fcr gro\u00dfe Player, sondern f\u00fcr Unternehmen, die <strong>wirtschaftlich denken m\u00fcssen<\/strong>.<br>Egal ob Erstberatung, Migration, Optimierung oder laufende Betreuung:<br>Wenn Sie eine ehrliche Einsch\u00e4tzung und eine saubere Umsetzung suchen,<strong> bin ich der richtige Ansprechpartner.<\/strong><\/div>\n<\/div>\n\n\n\n<div class=\"wp-block-greenshift-blocks-row-column gspb_row__col--6 gspb_row__col--md-12 gspb_col-id-gsbp-9cf47a3\" id=\"gspb_col-id-gsbp-9cf47a3\">\n<div class=\"wp-block-greenshift-blocks-row gspb_row gspb_row-id-gsbp-1426a93 gspb_row--gutter-custom-0\" id=\"gspb_row-id-gsbp-1426a93\"><div class=\"gspb_row__content\"> \n<div class=\"wp-block-greenshift-blocks-row-column gspb_row__col--12 gspb_col-id-gsbp-1eb3b19\" id=\"gspb_col-id-gsbp-1eb3b19\">\n<figure class=\"wp-block-image size-full is-resized\"><img loading=\"lazy\" decoding=\"async\" width=\"656\" height=\"736\" src=\"https:\/\/alba-tec.at\/wp-content\/uploads\/2025\/12\/Gemini_Generated_Image_pgz3l0pgz3l0pgz3.png\" alt=\"\" class=\"wp-image-1203\" style=\"aspect-ratio:0.8913129617975433;width:487px;height:auto\" srcset=\"https:\/\/alba-tec.at\/wp-content\/uploads\/2025\/12\/Gemini_Generated_Image_pgz3l0pgz3l0pgz3.png 656w, https:\/\/alba-tec.at\/wp-content\/uploads\/2025\/12\/Gemini_Generated_Image_pgz3l0pgz3l0pgz3-267x300.png 267w\" sizes=\"auto, (max-width: 656px) 100vw, 656px\" \/><\/figure>\n\n\n\n<div class=\"wp-block-greenshift-blocks-container gspb_container gspb_container-gsbp-7f16362\" id=\"gspb_container-id-gsbp-7f16362\">\n<h3 id=\"gspb_heading-id-gsbp-252b415\" class=\"gspb_heading gspb_heading-id-gsbp-252b415 \">Alban Halili<\/h3>\n\n\n\n<div id=\"gspb_text-id-gsbp-8d66209\" class=\"gspb_text gspb_text-id-gsbp-8d66209 \">Gesch\u00e4ftsf\u00fchrer<\/div>\n<\/div>\n<\/div>\n <\/div><\/div>\n<\/div>\n <\/div><\/div>\n\n\n\n<p><\/p>\n","protected":false},"excerpt":{"rendered":"","protected":false},"author":1,"featured_media":0,"parent":0,"menu_order":0,"comment_status":"closed","ping_status":"closed","template":"","meta":{"_gspb_post_css":"#gspb_row-id-gsbp-9d097bc{justify-content:space-between;margin-top:0;display:flex;flex-wrap:wrap;margin-bottom:100px;padding-top:240px}#gspb_row-id-gsbp-9d097bc>.gspb_row__content{display:flex;justify-content:space-between;margin:0 auto;width:100%;flex-wrap:wrap}div[id^=gspb_col-id]{box-sizing:border-box;position:relative}@media (max-width:991.98px){#gspb_row-id-gsbp-9d097bc{margin-bottom:70px;padding-top:150px}}@media (max-width:575.98px){#gspb_row-id-gsbp-9d097bc{margin-bottom:50px;padding-top:120px}}#gspb_row-id-gsbp-9d097bc{background-size:cover;background-repeat:no-repeat;background-position:50% 100%;background-image:url(https:\/\/alba-tec.at\/wp-content\/uploads\/2025\/10\/bg-test-12-scaled-1.jpg);border-bottom-style:solid;border-bottom-width:1px;border-bottom-color:#ffffff1c}#gspb_row-id-gsbp-9d097bc:hover{background-size:cover}#gspb_col-id-gsbp-6c4d819.gspb_row__col--12{width:calc(100% - 75px)}@media (max-width:991.98px){#gspb_col-id-gsbp-6c4d819.gspb_row__col--12{width:100%}}@media (max-width:767.98px){#gspb_col-id-gsbp-6c4d819.gspb_row__col--12{width:calc(100% - 75px)}}@media (max-width:575.98px){#gspb_col-id-gsbp-6c4d819.gspb_row__col--12{width:100%}}.gspb_row #gspb_col-id-gsbp-6c4d819.gspb_row__col--12{padding-bottom:100px}@media (max-width:991.98px){.gspb_row #gspb_col-id-gsbp-6c4d819.gspb_row__col--12{padding-bottom:70px}}@media (max-width:575.98px){.gspb_row #gspb_col-id-gsbp-6c4d819.gspb_row__col--12{padding-bottom:50px}}body #gspb_col-id-gsbp-6c4d819.gspb_row__col--12{display:flex;flex-direction:column;justify-content:flex-start}#gspb_heading-id-gsbp-f13b791{font-size:60px;line-height:1.3em}@media (max-width:991.98px){#gspb_heading-id-gsbp-f13b791{font-size:45px}}@media (max-width:575.98px){#gspb_heading-id-gsbp-f13b791{font-size:30px}}@media (max-width:991.98px){#gspb_heading-id-gsbp-f13b791,#gspb_heading-id-gsbp-f13b791 .gsap-g-line{text-align:center!important}}#gspb_heading-id-gsbp-f13b791{margin-top:0;margin-bottom:20px}.gspb_text-id-gsbp-b6c5e4c{font-size:20px}@media (max-width:991.98px){.gspb_text-id-gsbp-b6c5e4c{font-size:18px}}@media (max-width:575.98px){.gspb_text-id-gsbp-b6c5e4c{font-size:16px}}@media (max-width:991.98px){.gspb_text-id-gsbp-b6c5e4c,.gspb_text-id-gsbp-b6c5e4c .gsap-g-line{text-align:center!important}}.gspb_text-id-gsbp-b6c5e4c{margin-bottom:0!important}#gspb_row-id-gsbp-02b6151{justify-content:space-between;margin-top:0;display:flex;flex-wrap:wrap;align-content:center;margin-bottom:100px;padding-bottom:100px}#gspb_row-id-gsbp-02b6151>.gspb_row__content{display:flex;justify-content:space-between;margin:0 auto;width:100%;flex-wrap:wrap}@media (max-width:991.98px){#gspb_row-id-gsbp-02b6151>.gspb_row__content{row-gap:50px}}#gspb_row-id-gsbp-02b6151>.gspb_row__content{align-items:center}body.gspb-bodyfront #gspb_row-id-gsbp-02b6151>.gspb_row__content,body.gspb-bodyfront #gspb_row-id-gsbp-9d097bc>.gspb_row__content{width:var(--theme-container-width, 1200px);max-width:var(--theme-normal-container-max-width, 1200px)}@media (max-width:991.98px){#gspb_row-id-gsbp-02b6151{margin-bottom:70px;padding-bottom:70px}}@media (max-width:575.98px){#gspb_row-id-gsbp-02b6151{margin-bottom:50px;padding-bottom:50px}}#gspb_row-id-gsbp-02b6151{border-bottom-style:solid;border-bottom-width:1px;border-bottom-color:#ffffff21}#gspb_col-id-gsbp-500cf21.gspb_row__col--6{width:calc(50% - 27.5px)}@media (max-width:991.98px){#gspb_col-id-gsbp-500cf21.gspb_row__col--6{width:100%}}@media (max-width:767.98px){#gspb_col-id-gsbp-500cf21.gspb_row__col--6{width:calc(100% - 27.5px)}}@media (max-width:575.98px){#gspb_col-id-gsbp-500cf21.gspb_row__col--6{width:100%}}@media (min-width:992px){body.gspb-bodyfront #gspb_col-id-gsbp-500cf21.gspb_row__col--6{width:calc(51% - 0px - 27.5px)}}#gspb_col-id-gsbp-a83bbbc.gspb_row__col--6{width:calc(50% - 27.5px)}@media (max-width:991.98px){#gspb_col-id-gsbp-a83bbbc.gspb_row__col--6{width:100%}}@media (max-width:767.98px){#gspb_col-id-gsbp-a83bbbc.gspb_row__col--6{width:calc(100% - 27.5px)}}@media (max-width:575.98px){#gspb_col-id-gsbp-a83bbbc.gspb_row__col--6{width:100%}}@media (min-width:992px){body.gspb-bodyfront #gspb_col-id-gsbp-a83bbbc.gspb_row__col--6{width:calc(49% - 0px - 27.5px)}}@media (max-width:991.98px){#gspb_heading-id-gsbp-e7035f1{font-size:30px}}@media (max-width:575.98px){#gspb_heading-id-gsbp-e7035f1{font-size:25px}}@media (max-width:991.98px){#gspb_heading-id-gsbp-e7035f1,#gspb_heading-id-gsbp-e7035f1 .gsap-g-line{text-align:center!important}}#gspb_heading-id-gsbp-e7035f1{margin-top:0;margin-bottom:20px;max-width:500px}@media (max-width:991.98px){#gspb_heading-id-gsbp-e7035f1{max-width:100%}.gspb_text-id-gsbp-1ba44a4,.gspb_text-id-gsbp-1ba44a4 .gsap-g-line{text-align:center!important}}.gspb_text-id-gsbp-1ba44a4{margin-bottom:0!important}#gspb_row-id-gsbp-37c1bc8{justify-content:space-between;margin-top:0;display:flex;flex-wrap:wrap;align-content:flex-start;margin-bottom:100px}#gspb_row-id-gsbp-37c1bc8>.gspb_row__content{display:flex;justify-content:space-between;margin:0 auto;width:100%;flex-wrap:wrap}@media (max-width:991.98px){#gspb_row-id-gsbp-37c1bc8>.gspb_row__content{row-gap:50px}}#gspb_row-id-gsbp-37c1bc8>.gspb_row__content{align-items:flex-start}body.gspb-bodyfront #gspb_row-id-gsbp-37c1bc8>.gspb_row__content{width:var(--theme-container-width, 1200px);max-width:var(--theme-normal-container-max-width, 1200px)}@media (max-width:991.98px){#gspb_row-id-gsbp-37c1bc8{margin-bottom:70px}}@media (max-width:575.98px){#gspb_row-id-gsbp-37c1bc8{margin-bottom:50px}}#gspb_col-id-gsbp-cb7ce33.gspb_row__col--6{width:calc(50% - 27.5px)}@media (max-width:991.98px){#gspb_col-id-gsbp-cb7ce33.gspb_row__col--6{width:100%}}@media (max-width:767.98px){#gspb_col-id-gsbp-cb7ce33.gspb_row__col--6{width:calc(100% - 27.5px)}}@media (max-width:575.98px){#gspb_col-id-gsbp-cb7ce33.gspb_row__col--6{width:100%}}body.gspb-bodyfront #gspb_col-id-gsbp-cb7ce33.gspb_row__col--6{position:sticky;top:80px;align-self:start}@media (max-width:991.98px){body.gspb-bodyfront #gspb_col-id-gsbp-cb7ce33.gspb_row__col--6{position:relative;top:0}#gspb_heading-id-gsbp-ab3fefd{font-size:30px}}@media (max-width:575.98px){#gspb_heading-id-gsbp-ab3fefd{font-size:25px}}@media (max-width:991.98px){#gspb_heading-id-gsbp-ab3fefd,#gspb_heading-id-gsbp-ab3fefd .gsap-g-line{text-align:center!important}}#gspb_heading-id-gsbp-ab3fefd{margin-top:0;margin-bottom:20px;max-width:500px}@media (max-width:991.98px){#gspb_heading-id-gsbp-ab3fefd{max-width:100%}.gspb_text-id-gsbp-f892cea,.gspb_text-id-gsbp-f892cea .gsap-g-line{text-align:center!important}}.gspb_text-id-gsbp-f892cea{margin-bottom:50px!important;padding-bottom:50px!important;border-bottom-style:solid;border-bottom-width:1px;border-bottom-color:#ffffff21}#gspb_col-id-gsbp-9cf47a3.gspb_row__col--6{width:calc(50% - 27.5px)}@media (max-width:991.98px){#gspb_col-id-gsbp-9cf47a3.gspb_row__col--6{width:100%}}@media (max-width:767.98px){#gspb_col-id-gsbp-9cf47a3.gspb_row__col--6{width:calc(100% - 27.5px)}}@media (max-width:575.98px){#gspb_col-id-gsbp-9cf47a3.gspb_row__col--6{width:100%}}#gspb_row-id-gsbp-1426a93{justify-content:space-between;margin-top:0;margin-bottom:0;display:flex;flex-wrap:wrap}#gspb_row-id-gsbp-1426a93>.gspb_row__content{display:flex;justify-content:space-between;margin:0 auto;width:100%;flex-wrap:wrap;row-gap:40px}.gspb_row{position:relative}@media (max-width:991.98px){#gspb_row-id-gsbp-1426a93>.gspb_row__content{row-gap:20px}}body.gspb-bodyfront #gspb_row-id-gsbp-1426a93>.gspb_row__content{width:var(--theme-container-width, 1200px);max-width:var(--theme-normal-container-max-width, 1200px)}#gspb_col-id-gsbp-1eb3b19.gspb_row__col--12{width:calc(100% - 20px)}@media (max-width:991.98px){#gspb_col-id-gsbp-1eb3b19.gspb_row__col--12{width:calc(100% - 10px)}}@media (max-width:767.98px){#gspb_col-id-gsbp-1eb3b19.gspb_row__col--12{width:calc(100% - 10px)}}@media (max-width:575.98px){#gspb_col-id-gsbp-1eb3b19.gspb_row__col--12{width:100%}}.gspb_container-id-gsbp-7f16362{flex-direction:column;box-sizing:border-box}#gspb_container-id-gsbp-7f16362.gspb_container>p:last-of-type{margin-bottom:0}#gspb_container-id-gsbp-7f16362.gspb_container{position:relative;padding:15px;border-top-style:solid;border-top-width:1px;border-top-color:#ffffff30;background-image:linear-gradient(180deg,rgba(5,31,6,.24) 0,rgba(1,8,1,.55) 100%)}body.gspb-bodyfront #gspb_container-id-gsbp-7f16362.gspb_container{backdrop-filter:blur(7px)}#gspb_container-id-gsbp-7f16362.gspb_container,#gspb_container-id-gsbp-7f16362.gspb_container>.gspb_backgroundOverlay{border-top-left-radius:10px;border-top-right-radius:10px;border-bottom-right-radius:10px;border-bottom-left-radius:10px}#gspb_heading-id-gsbp-252b415{font-size:18px}@media (max-width:991.98px){#gspb_heading-id-gsbp-252b415{font-size:16px}}#gspb_heading-id-gsbp-252b415,#gspb_heading-id-gsbp-252b415 .gsap-g-line{text-align:center!important}#gspb_heading-id-gsbp-252b415{margin-top:0;margin-bottom:5px}.gspb_text-id-gsbp-8d66209{font-size:14px;margin-bottom:0!important}.gspb_text-id-gsbp-8d66209,.gspb_text-id-gsbp-8d66209 .gsap-g-line{text-align:center!important}","footnotes":""},"class_list":["post-12","page","type-page","status-publish","hentry"],"blocksy_meta":{"has_hero_section":"disabled","vertical_spacing_source":"custom","content_area_spacing":"none","styles_descriptor":{"styles":{"desktop":"","tablet":"","mobile":""},"google_fonts":[],"version":6}},"_links":{"self":[{"href":"https:\/\/alba-tec.at\/index.php?rest_route=\/wp\/v2\/pages\/12","targetHints":{"allow":["GET"]}}],"collection":[{"href":"https:\/\/alba-tec.at\/index.php?rest_route=\/wp\/v2\/pages"}],"about":[{"href":"https:\/\/alba-tec.at\/index.php?rest_route=\/wp\/v2\/types\/page"}],"author":[{"embeddable":true,"href":"https:\/\/alba-tec.at\/index.php?rest_route=\/wp\/v2\/users\/1"}],"replies":[{"embeddable":true,"href":"https:\/\/alba-tec.at\/index.php?rest_route=%2Fwp%2Fv2%2Fcomments&post=12"}],"version-history":[{"count":4,"href":"https:\/\/alba-tec.at\/index.php?rest_route=\/wp\/v2\/pages\/12\/revisions"}],"predecessor-version":[{"id":1211,"href":"https:\/\/alba-tec.at\/index.php?rest_route=\/wp\/v2\/pages\/12\/revisions\/1211"}],"wp:attachment":[{"href":"https:\/\/alba-tec.at\/index.php?rest_route=%2Fwp%2Fv2%2Fmedia&parent=12"}],"curies":[{"name":"wp","href":"https:\/\/api.w.org\/{rel}","templated":true}]}}